) to base 15.
-b03
-30a9 (base 13) to base 11
-5069
-35082 (base 9) to base 8
-55552
11200 (base 4) to base 12
254
Convert -10545 (base 6) to base 12.
-a55
Convert -4042112 (base 5) to base 6.
-1222122
What is -2cb (base 16) in base 13?
-430
Convert b5 (base 13) to base 6.
404
Convert 2ba (base 16) to base 10.
698
-291a (base 14) to base 10
-7276
Convert 197 (base 11) to base 6.
1015
Convert -19267 (base 10) to base 12.
-b197
-222120 (base 4) to base 11
-2046
Convert 11675 (base 9) to base 16.
1ea4
Convert 118 (base 10) to base 7.
226
What is 196b (base 13) in base 10?
3807
-b66 (base 12) to base 8
-3176
What is -1018 (base 12) in base 2?
-11011010100
-31a (base 12) to base 7
-1216
Convert -37160 (base 8) to base 5.
-1002414
1354 (base 6) to base 2
101100110
Convert 34324 (base 5) to base 12.
1514
Convert -6a (base 16) to base 5.
-411
What is 23344 (base 5) in base 12?
bb8
Convert -17573 (base 14) to base 12.
-29b81
What is 7418 (base 15) in base 16?
5fe4
-162 (base 14) to base 7
-552
What is -44201 (base 6) in base 13?
-2a2b
What is -40 (base 16) in base 8?
-100
What is -33441 (base 6) in base 15?
-15da
What is -453 (base 9) in base 10?
-372
Convert -2200110 (base 3) to base 13.
-b76
What is -2151 (base 7) in base 12?
-543
Convert -1648 (base 9) to base 10.
-1259
What is -3b9 (base 13) in base 12?
-46b
Convert 14 (base 8) to base 5.
22
What is 212 (base 6) in base 13?
62
What is -14434 (base 7) in base 6?
-30254
What is -545 (base 9) in base 11?
-376
What is 80b3 (base 13) in base 5?
1031342
Convert e1 (base 15) to base 9.
254
-166c (base 13) to base 6
-23141
-110101200 (base 3) to base 14
-3416
4b89 (base 13) to base 2
10101000001000
Convert -639 (base 11) to base 10.
-768
Convert -1 (base 10) to base 15.
-1
Convert 104 (base 13) to base 15.
b8
What is -226 (base 12) in base 10?
-318
Convert -33310 (base 6) to base 14.
-19a2
-5279 (base 11) to base 12
-405b
What is 2534 (base 7) in base 9?
1272
What is -4466 (base 7) in base 11?
-123a
Convert 2122200221 (base 3) to base 5.
3133040
12b1 (base 13) to base 9
3606
b2c (base 16) to base 4
230230
Convert 104151 (base 6) to base 2.
10001000000011
What is 200301 (base 4) in base 9?
2780
800 (base 12) to base 3
1120200
What is -216515 (base 7) in base 6?
-453242
7053 (base 8) to base 9
4870
Convert -1827 (base 9) to base 14.
-722
What is dc (base 16) in base 11?
190
What is 20a (base 16) in base 10?
522
Convert 1929 (base 14) to base 4.
1013001
What is 722 (base 11) in base 4?
31213
What is 2203402 (base 5) in base 2?
1001010001011001
110110111 (base 2) to base 16
1b7
Convert -20233 (base 5) to base 3.
-1210211
What is -1111011010010 (base 2) in base 11?
-5a23
What is 7ba (base 16) in base 11?
1539
Convert -4c8 (base 13) to base 6.
-3520
What is -100120121 (base 3) in base 9?
-10517
Convert 2508 (base 10) to base 16.
9cc
What is 23245 (base 10) in base 6?
255341
Convert -54054 (base 6) to base 13.
-3487
1110001 (base 2) to base 4
1301
What is -455a (base 14) in base 12?
-6b70
10332213 (base 4) to base 10
20391
362 (base 10) to base 12
262
-6154 (base 7) to base 14
-ad4
11678 (base 13) to base 15
969b
Convert 5691 (base 10) to base 9.
7723
Convert -1110111100101 (base 2) to base 7.
-31212
Convert 25432 (base 9) to base 6.
211132
What is -333322 (base 4) in base 5?
-112330
607 (base 10) to base 8
1137
Convert 4360 (base 8) to base 9.
3122
-43553 (base 9) to base 12
-14870
What is -762 (base 14) in base 7?
-4152
-30215 (base 8) to base 7
-51144
545 (base 11) to base 12
466
Convert -101222020 (base 3) to base 14.
-2cb4
5111 (base 12) to base 7
34435
Convert -762 (base 9) to base 6.
-2515
2413 (base 6) to base 11
492
What is 1457 (base 8) in base 3?
1010012
Convert 1a5c (base 13) to base 6.
30204
What is 12953 (base 13) in base 4?
20123300
Convert 111010000111010 (base 2) to base 8.
72072
What is 9744 (base 11) in base 12?
754a
12111 (base 4) to base 15
1c0
Convert 8101 (base 11) to base 13.
4b96
Convert -101001 (base 5) to base 3.
-11110102
Convert a09 (base 16) to base 5.
40234
What is -1410 (base 5) in base 7?
-446
34325 (base 6) to base 3
20200122
What is 263 (base 7) in base 2?
10001111
Convert 28b (base 12) to base 2.
110001011
Convert 1012202 (base 3) to base 6.
4032
2104 (base 5) to base 9
340
What is 20010111 (base 4) in base 9?
50286
Convert -3404 (base 12) to base 5.
-141024
What is 2216 (base 15) in base 4?
1300311
Convert -9677 (base 13) to base 2.
-101000110010101
790 (base 11) to base 2
1110110010
Convert 5116 (base 14) to base 6.
144304
Convert 1010001010 (base 2) to base 8.
1212
What is 234 (base 11) in base 5?
2104
What is -add (base 15) in base 5?
-34313
What is 226b7 (base 12) in base 4?
23031223
-4aa (base 12) to base 6
-3134
10101010111010 (base 2) to base 16
2aba
What is 420 (base 15) in base 2?
1110100010
What is -3154 (base 6) in base 10?
-718
-241 (base 14) to base 9
-548
Convert 1044 (base 7) to base 13.
22b
20011 (base 4) to base 14
28d
What is 2101020010 (base 3) in base 14?
130c5
Convert 1083 (base 10) to base 12.
763
Convert 408 (base 15) to base 12.
638
What is 102200022 (base 3) in base 9?
12608
-211201 (base 3) to base 7
-1534
What is -24365 (base 12) in base 15?
-e748
-10100122 (base 3) to base 8
-4617
What is -1697 (base 15) in base 9?
-6607
What is 32661 (base 8) in base 11?
a366
-3d1 (base 14) to base 3
-1001120
Convert 21c6 (base 13) to base 14.
1a17
Convert -193b3 (base 13) to base 16.
-bf5b
33420 (base 5) to base 10
2360
What is 2000 (base 5) in base 16?
fa
What is 2323230 (base 4) in base 13?
5610
What is 1005221 (base 6) in base 16?
bacd
What is -8477 (base 9) in base 14?
-23aa
Convert -1874 (base 9) to base 13.
-871
What is -40441 (base 7) in base 14?
-3821
Convert -40f2 (base 16) to base 2.
-100000011110010
-3b19 (base 13) to base 12
-4aa0
111000000110 (base 2) to base 10
3590
7b (base 15) to base 11
a6
1011010010100 (base 2) to base 6
42432
Convert 141 (base 7) to base 5.
303
-13177 (base 8) to base 13
-2810
-1ba (base 14) to base 15
-190
What is -172 (base 14) in base 7?
-602
Convert 27d (base 16) to base 13.
3a0
-2129 (base 16) to base 4
-2010221
Convert -100110100001 (base 2) to base 15.
-ae5
-23322 (base 5) to base 8
-3260
15 (base 12) to base 3
122
What is -619 (base 12) in base 6?
-4033
Convert -11000 (base 4) to base 13.
-1b8
Convert -225424 (base 6) to base 8.
-45670
-16802 (base 11) to base 2
-101110000101101
What is 2c8 (base 13) in base 8?
766
What is -13782 (base 13) in base 2?
-1000111001011001
Convert -1212403 (base 6) to base 16.
-fa53
Convert -2b8b (base 15) to base 5.
-244411
Convert -54 (base 12) to base 4.
-1000
1323 (base 14) to base 9
4546
What is -21640 (base 9) in base 11?
-a887
Convert -3724 (base 11) to base 3.
-20200020
-62448 (base 9) to base 13
-15998
What is -47 (base 12) in base 8?
-67
What is -17442 (base 9) in base 6?
-131402
-113124 (base 6) to base 8
-23054
Convert -215 (base 9) to base 6.
-452
Convert -30142 (base 5) to base 6.
-12522
What is -10122003 (base 4) in base 9?
-26676
Convert 2 (base 3) to base 7.
2
Convert 3022 (base 5) to base 15.
1ac
Convert -12b79 (base 15) to base 16.
-ea3c
What is 253350 (base 6) in base 9?
34263
What is -104240 (base 5) in base 15?
-1165
Convert -3253 (base 6) to base 12.
-529
501530 (base 6) to base 5
2224134
What is 617 (base 14) in base 2?
10010101101
What is -2ede (base 16) in base 4?
-2323132
Convert 382 (base 11) to base 5.
3303
What is 28322 (base 9) in base 16?
4b11
What is -216a0 (base 13) in base 15?
-12dad
What is 120222011 (base 3) in base 8?
26571
What is -1340 (base 5) in base 11?
-190
What is -1100001100 (base 2) in base 14?
-3da
What is 1163 (base 7) in base 4?
12311
Convert -273 (base 15) to base 8.
-1056
100000001110 (base 2) to base 9
2741
What is -3333424 (base 5) in base 4?
-32103312
-1975a (base 11) to base 14
-a068
What is -15785 (base 10) in base 6?
-201025
Convert 934 (base 16) to base 3.
10020021
-946 (base 15) to base 12
-1263
Convert -32153 (base 7) to base 14.
-2c9a
What is 6771 (base 8) in base 13?
1822
Convert 1185 (base 11) to base 9.
2106
Convert 3d6a (base 15) to base 16.
335e
-2a31 (base 14) to base 6
-54403
Convert 11200010 (base 3) to base 13.
171c
What is 30350 (base 11) in base 6?
541141
-245231 (base 6) to base 4
-11112103
1793 (base 13) to base 1